d m.
21
Let w(j) = -5*j**3 + 199*j**2 + 41*j + 53. Let v be w(40). What is the highest common divisor of v and 10230?
93
Suppose 43*z + 3022 = 6118. Calculate the greatest common factor of z and 4800.
24
Let m = -35 + -151. Let y be 2/(-12) + 0 + (-57319)/m. Suppose -2*o = 5*t - 41, -3*t + 19 = o - 0*t. Calculate the highest common factor of y and o.
28
Let m = 33030 - 32642. Calculate the highest common divisor of 188 and m.
4
Let j = -2 - -3. Let f(w) = 90*w + 2 + 3 - 149*w - 1 + 4. Let b be f(0). Calculate the highest common factor of j and b.
1
Suppose x = 3*s - 2363, -2*s - 3*x = 499 - 2067. Suppose -14*j - 87 = -s. Calculate the greatest common factor of j and 225.
25
Suppose -3*j + 890 = 5*g, -2*j = -148*g + 144*g - 608. What is the highest common divisor of j and 780?
60
Suppose 0 = 2*u - 173 + 59. Suppose 10*q - u = 7*q. Suppose -5*d + 15 = 5*v, -3*d + 53 - q = -2*v. Calculate the highest common factor of 8 and d.
8
Suppose -12*a + 21 = -5*a. Let q(g) = g**3 - 4*g**2 + 4*g - 6. Let j be q(a). Let z be (-3 - 0)/j - (-20 - -1). What is the highest common factor of z and 10?
10
Suppose 4 = -2*m + 10. Suppose m*j - 4*w - 880 = 0, 12*j - 2*w = 8*j + 1160. What is the highest common divisor of 9 and j?
9
Suppose -10 = 5*h, 80 = -w + 10*h - 8*h. Let k = -9 - w. Calculate the greatest common divisor of k and 135.
15
Let q(l) be the first derivative of -l**4/4 + 2*l**3 + 6*l**2 - 13*l - 23. Let n be q(7). Calculate the highest common divisor of n and 121.
11
Let f(w) = 13*w**2 - 14*w**2 + 12*w - 7 + 13. Let c be f(12). Suppose 0 = -5*x + c*x - y - 54, 3*x = 2*y + 164. What is the greatest common divisor of 8 and x?
8
Let w = -9992 - -23698. What is the highest common factor of 770 and w?
154
Let a(d) = -9*d - 13. Let n be a(-9). Let c = 77 - n. Let x(u) = 37*u + 27. Let s be x(c). Calculate the highest common divisor of s and 45.
45
Suppose 0 = -4*g - n + 2446, -138*n + 1838 = 3*g - 139*n. Calculate the greatest common factor of 4131 and g.
153
Suppose 154 = -5*a + 10*a + 2*r, 5*a = 3*r + 144. Calculate the highest common factor of a and 2235.
15
Suppose 62 = 5*j + z, 2540*z = 4*j + 2545*z - 100. Suppose 0*s = 5*s + 120. Let r = -14 - s. Calculate the greatest common factor of r and j.
10
Let d(j) = 5*j**3 - 3*j**2 + 4*j + 4. Let q be d(3). Let n be 1 + (-1 - (-2 - q)). Calculate the highest common divisor of 14 and n.
14
Let y(q) = -q + 34. Let w be y(17). Let b = -18 + w. Let j be (b - (-7 - -4)) + 24. What is the greatest common divisor of j and 52?
26
Let j(n) = 3*n**2 + 183*n + 1696. Let q be j(-50). Calculate the greatest common divisor of q and 20401.
23
Let o be (-230)/2415 - (-636)/63. Let j(l) = l**2 + l - 3. Let k be j(6). Suppose 5*f - 114 + k = 0. Calculate the greatest common divisor of f and o.
5
Let m be 5*(2 + (0 - 1)). Suppose -h - 6 = -4*h. Let k be 166/4 + (-3)/h. What is the greatest common factor of m and k?
5
Let t = -30 + 37. Suppose -t*m + 65 = -271. Suppose -33*x = -36*x + m. Calculate the highest common factor of 32 and x.
16
Let q(f) = -5*f**2 - 18*f + 100. Let k be q(-6). Calculate the greatest common divisor of k and 2884.
28
Suppose 0 = -o + 4*h + 42, -172*h + 180*h = -3*o + 126. What is the highest common factor of 1022 and o?
14
Let w be ((-5)/(-2))/((-515)/(-412)) + 72. Calculate the greatest common divisor of 1961 and w.
37
Let g(p) = -15*p + 10. Let o be g(-2). Suppose 4*l = -4*j + 56, -5*l = -l - 4*j - o. Suppose 10*i - l*i = -54. Calculate the highest common divisor of 18 and i.
9
Let c(y) = -5*y**2 + 133*y - 140. Let a be c(25). Let u(m) = m - 6. Let r be u(8). Let x be r*(0 + -1) + 92. Calculate the greatest common factor of x and a.
30
Let t be (156/130)/((-12)/(-80)). What is the greatest common divisor of 23 and t?
1
Suppose 0 = -0*n + 5*n - 25. Suppose 133 = -21*r + 23*r - y, 5*r - 5*y = 340. What is the highest common factor of r and n?
5
Let i = -3212 - -4045. What is the greatest common factor of 68 and i?
17
Suppose g - 26 - 26 = 2*x, 3*x - 4*g + 73 = 0. Let v = x - -24. Let m be (v - -6) + 2/((-2)/(-75)). Calculate the highest common factor of m and 6.
6
Suppose -n = -4*n + 18. Let x = -18 - -38. Let i be (4 - 21/n)*x. What is the highest common factor of 90 and i?
10
Let g = -83 + 122. Let y be 1*77 + (6 - (-20)/(-4)). Calculate the greatest common divisor of y and g.
39
Suppose 39824*y = 39815*y + 4320. What is the greatest common factor of 50 and y?
10
Suppose -27 = 4*f - 5*u - 56, -4*u - 34 = -5*f. Calculate the highest common divisor of 813 and f.
3
Suppose 0 = g - 4*n - 378, -2*n = -4*g + 979 + 519. What is the greatest common factor of g and 2074?
34
Let k be 6/(-2)*52/(-12). Let p be (2/(-8))/((-20)/80). Let l be (p - 3)*(-117)/(-12)*-2. Calculate the greatest common factor of k and l.
13
Suppose -201*k + 126 = -187*k. Let q = 172 + -28. What is the highest common divisor of k and q?
9
Suppose 3*k + 484064 = -11*k. Let a be k/(-128) - 2/16. Calculate the highest common divisor of a and 30.
30
Let d = -7 - -409. Calculate the highest common factor of 48 and d.
6
Let r = 1 - -2. Suppose 4*w + 3 = 3*t, -4*w - r*t = -0*t - 3. Let v(f) = f**3 - f**2 + 2*f + 35. Let i be v(w). What is the highest common factor of 5 and i?
5
Let b = -1090 - -1181. Let s be (63/5)/(2/10). Let a = b - s. What is the greatest common factor of 4 and a?
4
Suppose -4839 + 1759 = -88*c. Let g = 150 - -130. Calculate the highest common divisor of g and c.
35
Suppose 0 = -d - 5 + 6. Suppose -d = h - 6. Let v = 10 + h. Calculate the greatest common factor of v and 5.
5
Suppose 18*q - 9*q = -3915. Let c = q + 647. Calculate the highest common factor of c and 53.
53
Let g be 4/(-36)*-12 - (-3)/(-9). Let f be (-7 - -18) + (g - -3 - 1). What is the highest common factor of 616 and f?
14
Let u(f) = -f**3 - 5*f**2 + 1. Let y be u(-5). Let b be 3/6*-1*-132 - (-48 + 53). What is the highest common divisor of b and y?
1
Let w(t) = -192*t - 2268. Let z be w(-69). What is the greatest common divisor of 120 and z?
60
Suppose -21*o + 71*o = 33600. Calculate the greatest common factor of 1512 and o.
168
Let x be (2*-4)/(3/((-3)/2)). Suppose -9*n + 625 = -x*n. What is the highest common divisor of n and 100?
25
Let q = -100 + 106. Suppose 61 = q*m - 1991. What is the highest common factor of m and 9?
9
Let u be ((-9)/2)/((-7)/140). Let a be 594/77*(14 + 0)/2. What is the greatest common divisor of u and a?
18
Let u(v) = v**3 - 32*v**2 - 2*v + 64. Let a be u(32). Suppose 9*c - 106 + 7 = a. Calculate the highest common divisor of 605 and c.
11
Suppose 0 = 3*m - 27 + 6. Let w(z) = 47*z - 66. Let q = -455 + 457. Let d be w(q). What is the highest common factor of m and d?
7
Suppose -5*k + 3*r = -2068, -361*r = 4*k - 359*r - 1672. Calculate the highest common divisor of k and 143.
13
Let a = 342 + -108. Let l be ((-12)/5)/(116/30 - 4). Suppose l = 2*m - 5*r - 24, 4*m - r = 102. What is the highest common factor of m and a?
26
Suppose 3*y + 3*k = 5*k + 29, 2 = k. Let s(t) = -t**2 + 107*t - 705. Let x be s(94). Calculate the greatest common divisor of x and y.
11
Let t = -2 + 56. Suppose g - 58 = 3*x + 2, -g = 3*x - t. What is the highest common factor of 19 and g?
19
Suppose y + 59 = x + x, -3*y - 9 = 0. Suppose -6*w = 9*w - 9660. What is the greatest common divisor of x and w?
28
Suppose -4662 = -20*a + 3*a + 8581. Calculate the greatest common factor of 114 and a.
19
Suppose -3*d - 3225 = -4*h, h + 3*h + d - 3245 = 0. Let p be 53 + (-4 - (-10)/2). Calculate the highest common factor of h and p.
54
Let v be 426/(-8) + -1 - 23/(-92). Let k be (-3 - -40)/((-2)/4). Let z = v - k. Calculate the greatest common divisor of 4 and z.
4
Let p(s) = 2*s**2 - 4*s + 7. Let t = -131 - -133. Let r be p(t). Suppose 10 + r = 2*d + 3*y, -44 = -4*d - 4*y. What is the highest common divisor of 80 and d?
16
Suppose 93*n - 66548 = 59653. What is the greatest common factor of 23 and n?
23
Let f(s) = -346*s**3 + 4*s**2 - 18*s - 30. Let y be f(-2). What is the highest common divisor of 30 and y?
30
Let l = 56 - 55. Let x(p) = 160*p**2 - 3*p + 3. Let c be x(l). What is the highest common factor of c and 20?
20
Let l(n) = -31*n**2 + 380*n + 5. Let i be l(4). What is the greatest common factor of 21 and i?
21
Let h(n) = 2*n**3 + 34*n**2 - 4*n - 46. Let i be h(-17